16, what is 4 + 33?
37
In base 14, what is -17 + -8?
-21
In base 3, what is -102 + 10?
-22
In base 5, what is -10 - 12240?
-12300
In base 14, what is -3 - 228?
-22b
In base 7, what is 24 + -20?
4
In base 5, what is -3 + 133?
130
In base 5, what is 33 + -2?
31
In base 3, what is -202 - -10221?
10012
In base 6, what is 152 + -14?
134
In base 4, what is -11 + 230?
213
In base 2, what is 100 + -10111010?
-10110110
In base 6, what is 3 + 15?
22
In base 11, what is 5 + -89?
-84
In base 16, what is 6 - -4d1?
4d7
In base 3, what is 0 - 211020?
-211020
In base 6, what is 3 - -1250?
1253
In base 16, what is -358 + 3?
-355
In base 16, what is 29 - -47?
70
In base 13, what is b1 - -6?
b7
In base 6, what is 4 - 42?
-34
In base 10, what is 16 + 19?
35
In base 4, what is 1 - 2112?
-2111
In base 4, what is 22 - 20321?
-20233
In base 5, what is 14 - 230?
-211
In base 13, what is 1a + 4?
21
In base 4, what is -3 + -20133?
-20202
In base 6, what is -2 - -2315?
2313
In base 10, what is -10 - -22?
12
In base 9, what is -1526 + 7?
-1518
In base 10, what is -1373 - 3?
-1376
In base 15, what is -2 + 107?
105
In base 16, what is 53 + -1?
52
In base 9, what is -2265 - -3?
-2262
In base 7, what is -25 - 5?
-33
In base 10, what is 426 + 11?
437
In base 4, what is -30132 + 31?
-30101
In base 15, what is 0 - -851?
851
In base 8, what is -13 - 130?
-143
In base 13, what is -5 - 2?
-7
In base 15, what is 7 - 203?
-1eb
In base 16, what is 2b + 153?
17e
In base 11, what is -40 + -22?
-62
In base 12, what is -1 - -224?
223
In base 14, what is -1 + -92?
-93
In base 9, what is -5 + 34?
28
In base 10, what is -94 - -2?
-92
In base 11, what is 172 + -3?
16a
In base 2, what is 1001000101 + -100011?
1000100010
In base 15, what is -2ce6 + -4?
-2cea
In base 12, what is -116 - 3?
-119
In base 3, what is -2121220 - 0?
-2121220
In base 2, what is 100101110000 - -1001?
100101111001
In base 11, what is 553 - 5?
549
In base 11, what is -1599a + -2?
-159a1
In base 2, what is 101000100011 + -101?
101000011110
In base 12, what is 5a - -15?
73
In base 10, what is 0 + 1137?
1137
In base 3, what is -11 + 222201?
222120
In base 11, what is -7 - -241?
235
In base 7, what is -145 + 0?
-145
In base 11, what is -4481 + -3?
-4484
In base 13, what is -26 + 473?
44a
In base 10, what is -2 - 2915?
-2917
In base 11, what is 38 - 6?
32
In base 9, what is -6 + 1132?
1125
In base 15, what is 8cb4 - -5?
8cb9
In base 13, what is -5c - 3?
-62
In base 8, what is -5 + 325?
320
In base 13, what is 52 + 21?
73
In base 13, what is -1449 + 1?
-1448
In base 9, what is 66 - -2?
68
In base 13, what is -296 - 0?
-296
In base 7, what is -1 + 235?
234
In base 9, what is 5 + -126?
-121
In base 16, what is -8 - 14?
-1c
In base 2, what is 11001110100 - 11?
11001110001
In base 3, what is 20212 + 2120?
100102
In base 16, what is -1a - 0?
-1a
In base 12, what is -1a - 0?
-1a
In base 10, what is -19 + 1?
-18
In base 7, what is 2442 - 3?
2436
In base 2, what is 1 + -10000?
-1111
In base 5, what is -4 - -122?
113
In base 8, what is 322 - 126?
174
In base 12, what is 980 - -5?
985
In base 5, what is -14 - 1?
-20
In base 16, what is 4c48 + 3?
4c4b
In base 5, what is 34 + -122?
-33
In base 3, what is 10 + -100220?
-100210
In base 7, what is -3 + 103?
100
In base 12, what is 1 + 3b?
40
In base 8, what is 1 - 1072?
-1071
In base 5, what is 10 - -1100?
1110
In base 13, what is 203b + 2?
2040
In base 4, what is 2 + -111123?
-111121
In base 16, what is -26 + 12?
-14
In base 15, what is 29 + 23?
4c
In base 12, what is -76 - -3?
-73
In base 14, what is -11 + 61?
50
In base 13, what is 4 + 31?
35
In base 16, what is 4 + -3a?
-36
In base 14, what is 1 - 14?
-13
In base 14, what is 0 - 14?
-14
In base 11, what is 1a - 143?
-124
In base 6, what is 24020 - -4?
24024
In base 4, what is 2 + -1020020?
-1020012
In base 8, what is -127 - 1?
-130
In base 11, what is -1 + -296?
-297
In base 6, what is -42 - -212?
130
In base 13, what is 27b + -4?
277
In base 2, what is 11101110 - 1?
11101101
In base 11, what is 4 - -1024?
1028
In base 7, what is -1 + 44?
43
In base 13, what is 82 - -a4?
156
In base 13, what is 13 - -41?
54
In base 10, what is -21 + 4?
-17
In base 11, what is 4 - -116a?
1173
In base 11, what is 20 - 27?
-7
In base 13, what is 5 - 18?
-13
In base 3, what is -1 + 1000100?
1000022
In base 12, what is ba + -5?
b5
In base 10, what is 22 - -16?
38
In base 5, what is 4 - -12314?
12323
In base 9, what is -6478 - -3?
-6475
In base 15, what is -662 + -1?
-663
In base 2, what is -1010 + -10000010000?
-10000011010
In base 8, what is -4 - -4115?
4111
In base 13, what is -42b + -4?
-432
In base 7, what is -1362 + 3?
-1356
In base 10, what is 415 - -5?
420
In base 12, what is 35 - 6?
2b
In base 13, what is 5 + 105?
10a
In base 4, what is 322 + 1110?
2032
In base 2, what is -11 + 11000101?
11000010
In base 15, what is 3 + 1e4?
1e7
In base 2, what is 1001001 - -110?
1001111
In base 6, what is 3 - -505?
512
In base 8, what is 50 + -1?
47
In base 4, what is 131 + -3?
122
In base 7, what is 5 + 331?
336
In base 3, what is -12002000 - 2?
-12002002
In base 4, what is -30 - -302?
212
In base 2, what is 10 - 101?
-11
In base 14, what is -113 - -40?
-b3
In base 8, what is 26426 + -4?
26422
In base 2, what is -1010010111 - 10?
-1010011001
In base 14, what is 2 + -56?
-54
In base 16, what is -14 - 30?
-44
In base 11, what is -5 + -580?
-585
In base 5, what is 4 - 231?
-222
In base 3, what is -10 + 1100?
1020
In base 6, what is 0 - -11?
11
In base 13, what is -14 + -5?
-19
In base 8, what is 243 - -125?
370
In base 2, what is -11 - 11000000?
-11000011
In base 5, what is -41 - -13?
-23
In base 12, what is -4 - -95?
91
In base 5, what is -313304 - -2?
-313302
In base 11, what is 104 - 13?
a1
In base 8, what is -222 + -5?
-227
In base 14, what is 152 - -1?
153
In base 13, what is -6 - 140b?
-1414
In base 3, what is 22221 + -12?
22202
In base 2, what is 1111000 + 1?
1111001
In base 2, what is 1 + 1000010?
1000011
In base 3, what is -1011 - -12?
-222
In base 16, what is 553 - 1?
552
In base 2, what is -11110010 - 11?
-11110101
In base 2, what is -101 - -10010101?
10010000
In base 10, what is -183 - 1?
-184
In base 11, what is 3 + -3?
0
In base 10, what is 1 + 738?
739
In base 13, what is 0 + -123?
-123
In base 15, what is -7 - -22d?
226
In base 8, what is 2 - 52?
-50
In base 11, what is -36 - 3?
-39
In base 6, what is 505 - 113?
352
In base 13, what is c3 - -1?
c4
In base 8, what is 3 - -1254?
1257
In base 9, what is 50 - -86?
146
In base 14, what is -6c + -2?
-70
In base 2, what is 110 - -11011100?
11100010
In base 13, what is -171 + -1?
-172
In base 7, what is 1022 + 0?
1022
In base 15, what is b76 - 5?
b71
In base 3, what is -122112 + 11?
-122101
In base 3, what is -110 + -21?
-201
In base 10, what is -3 + 111?
108
In base 7, what is -2 + 2431?
2426
In base 15, what is 6 - -80?
86
In base 10, what is 357 - -19?
376
In base 16, what is 29 + -6?
23
In base 7, what is -13 - 6?
-22
In base 6, what is -4 + -4?
-12
In base 10, what is -1262 + 3?
-1259
In base 16, what is a7 + 3?
aa
In base 10, what is -5 - -45?
40
In base 11, what is 1a7 + 5?
201
In base 14, what is 0 + 301?
301
In base 6, what is 1345 - -14?
1403
In base 9, what is -72 + -5?
-77
In base 14, what is -2 + -4d?
-51
In base 12, what is 36 + 108?
142
In base 3, what is 10 + 2002?
2012
In base 14, what is 1092 - 1?
1091
In base 7, what is 565 + -1?
564
In base 13, what is ca - 4?
c6
In base 5, what is -12 + -2204?
-2221
In base 11, what is -590 - 4?
-594
In base 14, what is -3900 - -4?
-38da
In base 8, what is -577 - -206?
-371
In base 3, what is 2 + 2212120?
2212122
In base 9, what is -84 - 12?
-106
In base 14, what is 0 - -d?
d
In base 16, what is -e6 - 18?
-fe
In base 16, what is 14ed + 2?
14ef
In base 4, what is 0 + 31?
31
In base 4, what is -3 - -2233?
2230
In base 10, what is 4 - -143?
147
In base 9, what is 4 + -2571?
-2566
In base 11, what is -29 + -170?
-199
In base 7, what is -53 + -22?
-105
In base 3, what is 0 + 1111?
1111
In base 9, what is 11375 + -4?
11371
In base 8, what is -21754 - 5?
-21761
In base 14, what is 50a8 - -1?
50a9
In base 3, what is 10112 - -10?
10122
In base 7, what is 1 - 3024?
-3023
In base 3, what is 111 - 121100?
-120212
In base 7, what is -53 - 121?
-204
In base 11, what i